{"id":268,"date":"2020-04-09T22:24:47","date_gmt":"2020-04-09T20:24:47","guid":{"rendered":"http:\/\/www.evelynedegracia.com\/edg\/?page_id=268"},"modified":"2020-04-10T19:16:19","modified_gmt":"2020-04-10T17:16:19","slug":"publications","status":"publish","type":"page","link":"https:\/\/www.evelynedegracia.com\/edg\/publications\/","title":{"rendered":"Publications"},"content":{"rendered":"\t\t<div data-elementor-type=\"wp-page\" data-elementor-id=\"268\" class=\"elementor elementor-268\" data-elementor-post-type=\"page\">\n\t\t\t\t\t\t<section class=\"elementor-section elementor-top-section elementor-element elementor-element-557493d5 animated-fast elementor-section-boxed elementor-section-height-default elementor-section-height-default elementor-invisible\" data-id=\"557493d5\" data-element_type=\"section\" data-e-type=\"section\" data-settings=\"{&quot;background_background&quot;:&quot;classic&quot;,&quot;animation&quot;:&quot;fadeIn&quot;,&quot;shape_divider_top&quot;:&quot;mountains&quot;,&quot;shape_divider_bottom&quot;:&quot;mountains&quot;}\">\n\t\t\t\t\t\t\t<div class=\"elementor-background-overlay\"><\/div>\n\t\t\t\t\t\t<div class=\"elementor-shape elementor-shape-top\" aria-hidden=\"true\" data-negative=\"false\">\n\t\t\t<svg xmlns=\"http:\/\/www.w3.org\/2000\/svg\" viewBox=\"0 0 1000 100\" preserveAspectRatio=\"none\">\n\t<path class=\"elementor-shape-fill\" opacity=\"0.33\" d=\"M473,67.3c-203.9,88.3-263.1-34-320.3,0C66,119.1,0,59.7,0,59.7V0h1000v59.7 c0,0-62.1,26.1-94.9,29.3c-32.8,3.3-62.8-12.3-75.8-22.1C806,49.6,745.3,8.7,694.9,4.7S492.4,59,473,67.3z\"\/>\n\t<path class=\"elementor-shape-fill\" opacity=\"0.66\" d=\"M734,67.3c-45.5,0-77.2-23.2-129.1-39.1c-28.6-8.7-150.3-10.1-254,39.1 s-91.7-34.4-149.2,0C115.7,118.3,0,39.8,0,39.8V0h1000v36.5c0,0-28.2-18.5-92.1-18.5C810.2,18.1,775.7,67.3,734,67.3z\"\/>\n\t<path class=\"elementor-shape-fill\" d=\"M766.1,28.9c-200-57.5-266,65.5-395.1,19.5C242,1.8,242,5.4,184.8,20.6C128,35.8,132.3,44.9,89.9,52.5C28.6,63.7,0,0,0,0 h1000c0,0-9.9,40.9-83.6,48.1S829.6,47,766.1,28.9z\"\/>\n<\/svg>\t\t<\/div>\n\t\t\t\t<div class=\"elementor-shape elementor-shape-bottom\" aria-hidden=\"true\" data-negative=\"false\">\n\t\t\t<svg xmlns=\"http:\/\/www.w3.org\/2000\/svg\" viewBox=\"0 0 1000 100\" preserveAspectRatio=\"none\">\n\t<path class=\"elementor-shape-fill\" opacity=\"0.33\" d=\"M473,67.3c-203.9,88.3-263.1-34-320.3,0C66,119.1,0,59.7,0,59.7V0h1000v59.7 c0,0-62.1,26.1-94.9,29.3c-32.8,3.3-62.8-12.3-75.8-22.1C806,49.6,745.3,8.7,694.9,4.7S492.4,59,473,67.3z\"\/>\n\t<path class=\"elementor-shape-fill\" opacity=\"0.66\" d=\"M734,67.3c-45.5,0-77.2-23.2-129.1-39.1c-28.6-8.7-150.3-10.1-254,39.1 s-91.7-34.4-149.2,0C115.7,118.3,0,39.8,0,39.8V0h1000v36.5c0,0-28.2-18.5-92.1-18.5C810.2,18.1,775.7,67.3,734,67.3z\"\/>\n\t<path class=\"elementor-shape-fill\" d=\"M766.1,28.9c-200-57.5-266,65.5-395.1,19.5C242,1.8,242,5.4,184.8,20.6C128,35.8,132.3,44.9,89.9,52.5C28.6,63.7,0,0,0,0 h1000c0,0-9.9,40.9-83.6,48.1S829.6,47,766.1,28.9z\"\/>\n<\/svg>\t\t<\/div>\n\t\t\t\t\t<div class=\"elementor-container elementor-column-gap-default\">\n\t\t\t\t\t<div class=\"elementor-column elementor-col-100 elementor-top-column elementor-element elementor-element-7d19a31\" data-id=\"7d19a31\" data-element_type=\"column\" data-e-type=\"column\">\n\t\t\t<div class=\"elementor-widget-wrap elementor-element-populated\">\n\t\t\t\t\t\t<section class=\"elementor-section elementor-inner-section elementor-element elementor-element-2abe8fa elementor-section-boxed elementor-section-height-default elementor-section-height-default\" data-id=\"2abe8fa\" data-element_type=\"section\" data-e-type=\"section\">\n\t\t\t\t\t\t<div class=\"elementor-container elementor-column-gap-default\">\n\t\t\t\t\t<div class=\"elementor-column elementor-col-50 elementor-inner-column elementor-element elementor-element-28c60e0a\" data-id=\"28c60e0a\" data-element_type=\"column\" data-e-type=\"column\">\n\t\t\t<div class=\"elementor-widget-wrap elementor-element-populated\">\n\t\t\t\t\t\t<div class=\"elementor-element elementor-element-6b01fe21 animated-slow elementor-invisible elementor-widget elementor-widget-heading\" data-id=\"6b01fe21\" data-element_type=\"widget\" data-e-type=\"widget\" data-settings=\"{&quot;_animation&quot;:&quot;fadeIn&quot;}\" data-widget_type=\"heading.default\">\n\t\t\t\t<div class=\"elementor-widget-container\">\n\t\t\t\t\t<h2 class=\"elementor-heading-title elementor-size-large\">Les Publications<\/h2>\t\t\t\t<\/div>\n\t\t\t\t<\/div>\n\t\t\t\t\t<\/div>\n\t\t<\/div>\n\t\t\t\t<div class=\"elementor-column elementor-col-50 elementor-inner-column elementor-element elementor-element-6a05f823\" data-id=\"6a05f823\" data-element_type=\"column\" data-e-type=\"column\">\n\t\t\t<div class=\"elementor-widget-wrap elementor-element-populated\">\n\t\t\t\t\t\t<div class=\"elementor-element elementor-element-3a90748a elementor-align-right animated-slow elementor-invisible elementor-widget elementor-widget-button\" data-id=\"3a90748a\" data-element_type=\"widget\" data-e-type=\"widget\" data-settings=\"{&quot;_animation&quot;:&quot;fadeIn&quot;}\" data-widget_type=\"button.default\">\n\t\t\t\t<div class=\"elementor-widget-container\">\n\t\t\t\t\t\t\t\t\t<div class=\"elementor-button-wrapper\">\n\t\t\t\t\t<a class=\"elementor-button elementor-button-link elementor-size-lg\" href=\"http:\/\/www.evelynedegracia.com\/edg\/liens-librairies-et-editeurs\/\">\n\t\t\t\t\t\t<span class=\"elementor-button-content-wrapper\">\n\t\t\t\t\t\t<span class=\"elementor-button-icon\">\n\t\t\t\t<i aria-hidden=\"true\" class=\"fas fa-caret-right\"><\/i>\t\t\t<\/span>\n\t\t\t\t\t\t\t\t\t<span class=\"elementor-button-text\">Liens Librairies<\/span>\n\t\t\t\t\t<\/span>\n\t\t\t\t\t<\/a>\n\t\t\t\t<\/div>\n\t\t\t\t\t\t\t\t<\/div>\n\t\t\t\t<\/div>\n\t\t\t\t\t<\/div>\n\t\t<\/div>\n\t\t\t\t\t<\/div>\n\t\t<\/section>\n\t\t\t\t<section class=\"elementor-section elementor-inner-section elementor-element elementor-element-e48de6e elementor-section-boxed elementor-section-height-default elementor-section-height-default\" data-id=\"e48de6e\" data-element_type=\"section\" data-e-type=\"section\">\n\t\t\t\t\t\t<div class=\"elementor-container elementor-column-gap-default\">\n\t\t\t\t\t<div class=\"elementor-column elementor-col-25 elementor-inner-column elementor-element elementor-element-6e89406c animated-fast elementor-invisible\" data-id=\"6e89406c\" data-element_type=\"column\" data-e-type=\"column\" data-settings=\"{&quot;animation&quot;:&quot;fadeInUp&quot;}\">\n\t\t\t<div class=\"elementor-widget-wrap elementor-element-populated\">\n\t\t\t\t\t\t<div class=\"elementor-element elementor-element-75a8ff8b elementor-position-top elementor-invisible elementor-widget elementor-widget-image-box\" data-id=\"75a8ff8b\" data-element_type=\"widget\" data-e-type=\"widget\" data-settings=\"{&quot;_animation&quot;:&quot;rotateInUpRight&quot;}\" data-widget_type=\"image-box.default\">\n\t\t\t\t<div class=\"elementor-widget-container\">\n\t\t\t\t\t<div class=\"elementor-image-box-wrapper\"><figure class=\"elementor-image-box-img\"><a href=\"#\" tabindex=\"-1\"><img decoding=\"async\" src=\"https:\/\/www.evelynedegracia.com\/edg\/wp-content\/uploads\/2020\/04\/poisson.jpg\" title=\"poisson\" alt=\"poisson\" class=\"elementor-animation-grow\" loading=\"lazy\" \/><\/a><\/figure><div class=\"elementor-image-box-content\"><h3 class=\"elementor-image-box-title\"><a href=\"#\">Le Poisson qui posait des devinettes<\/a><\/h3><p class=\"elementor-image-box-description\">Il \u00e9tait une fois la rencontre d'un petit gar\u00e7on, apparu soudain lors d'une journ\u00e9e d'\u00e9t\u00e9, et d'un \u00e9trange poisson qui cherchait des mots pour r\u00e9soudre une \u00e9nigme.<\/p><\/div><\/div>\t\t\t\t<\/div>\n\t\t\t\t<\/div>\n\t\t\t\t\t<\/div>\n\t\t<\/div>\n\t\t\t\t<div class=\"elementor-column elementor-col-25 elementor-inner-column elementor-element elementor-element-7519657d elementor-invisible\" data-id=\"7519657d\" data-element_type=\"column\" data-e-type=\"column\" data-settings=\"{&quot;animation&quot;:&quot;fadeInUp&quot;}\">\n\t\t\t<div class=\"elementor-widget-wrap elementor-element-populated\">\n\t\t\t\t\t\t<div class=\"elementor-element elementor-element-2220efaa elementor-position-top elementor-invisible elementor-widget elementor-widget-image-box\" data-id=\"2220efaa\" data-element_type=\"widget\" data-e-type=\"widget\" data-settings=\"{&quot;_animation&quot;:&quot;rotateInUpRight&quot;}\" data-widget_type=\"image-box.default\">\n\t\t\t\t<div class=\"elementor-widget-container\">\n\t\t\t\t\t<div class=\"elementor-image-box-wrapper\"><figure class=\"elementor-image-box-img\"><a href=\"#\" tabindex=\"-1\"><img decoding=\"async\" src=\"https:\/\/www.evelynedegracia.com\/edg\/wp-content\/uploads\/2020\/04\/Deux-oursons.jpg\" title=\"Deux-oursons\" alt=\"Deux-oursons\" class=\"elementor-animation-grow\" loading=\"lazy\" \/><\/a><\/figure><div class=\"elementor-image-box-content\"><h3 class=\"elementor-image-box-title\"><a href=\"#\">Deux Oursons<\/a><\/h3><p class=\"elementor-image-box-description\">Deux oursons en \npeluche qui vivaient dans une armoire vont faire un jour, par hasard, \nune rencontre qui va bouleverser leur vie de peluche.<\/p><\/div><\/div>\t\t\t\t<\/div>\n\t\t\t\t<\/div>\n\t\t\t\t\t<\/div>\n\t\t<\/div>\n\t\t\t\t<div class=\"elementor-column elementor-col-25 elementor-inner-column elementor-element elementor-element-1e690b5 animated-slow elementor-invisible\" data-id=\"1e690b5\" data-element_type=\"column\" data-e-type=\"column\" data-settings=\"{&quot;animation&quot;:&quot;fadeInUp&quot;}\">\n\t\t\t<div class=\"elementor-widget-wrap elementor-element-populated\">\n\t\t\t\t\t\t<div class=\"elementor-element elementor-element-4f19ac14 elementor-position-top elementor-invisible elementor-widget elementor-widget-image-box\" data-id=\"4f19ac14\" data-element_type=\"widget\" data-e-type=\"widget\" data-settings=\"{&quot;_animation&quot;:&quot;rotateInUpRight&quot;}\" data-widget_type=\"image-box.default\">\n\t\t\t\t<div class=\"elementor-widget-container\">\n\t\t\t\t\t<div class=\"elementor-image-box-wrapper\"><figure class=\"elementor-image-box-img\"><a href=\"#\" tabindex=\"-1\"><img fetchpriority=\"high\" decoding=\"async\" width=\"300\" height=\"456\" src=\"https:\/\/www.evelynedegracia.com\/edg\/wp-content\/uploads\/2020\/04\/potions.jpg\" class=\"elementor-animation-grow attachment-full size-full wp-image-74\" alt=\"\" srcset=\"https:\/\/www.evelynedegracia.com\/edg\/wp-content\/uploads\/2020\/04\/potions.jpg 300w, https:\/\/www.evelynedegracia.com\/edg\/wp-content\/uploads\/2020\/04\/potions-197x300.jpg 197w\" sizes=\"(max-width: 300px) 100vw, 300px\" \/><\/a><\/figure><div class=\"elementor-image-box-content\"><h3 class=\"elementor-image-box-title\"><a href=\"#\">Potions, sorci\u00e8res et compagnie<\/a><\/h3><p class=\"elementor-image-box-description\">Ce conte nous permet de croiser Cerise, press\u00e9e de se rendre au travail pour rattraper son retard, et une \u00e9trange sorci\u00e8re, gardienne de l'immeuble de Cerise...<\/p><\/div><\/div>\t\t\t\t<\/div>\n\t\t\t\t<\/div>\n\t\t\t\t\t<\/div>\n\t\t<\/div>\n\t\t\t\t<div class=\"elementor-column elementor-col-25 elementor-inner-column elementor-element elementor-element-78d0dc7b animated-fast elementor-invisible\" data-id=\"78d0dc7b\" data-element_type=\"column\" data-e-type=\"column\" data-settings=\"{&quot;animation&quot;:&quot;fadeInUp&quot;}\">\n\t\t\t<div class=\"elementor-widget-wrap elementor-element-populated\">\n\t\t\t\t\t\t<div class=\"elementor-element elementor-element-64334db1 elementor-position-top elementor-invisible elementor-widget elementor-widget-image-box\" data-id=\"64334db1\" data-element_type=\"widget\" data-e-type=\"widget\" data-settings=\"{&quot;_animation&quot;:&quot;rotateInUpRight&quot;}\" data-widget_type=\"image-box.default\">\n\t\t\t\t<div class=\"elementor-widget-container\">\n\t\t\t\t\t<div class=\"elementor-image-box-wrapper\"><figure class=\"elementor-image-box-img\"><a href=\"#\" tabindex=\"-1\"><img decoding=\"async\" src=\"https:\/\/www.evelynedegracia.com\/edg\/wp-content\/uploads\/elementor\/thumbs\/Gabin-et-le-soulier-magique-ontkfcppsdmnagtmktzcdg9tfy8miixzg4433gj0ee.jpg\" title=\"Gabin-et-le-soulier-magique\" alt=\"Gabin-et-le-soulier-magique\" class=\"elementor-animation-grow\" loading=\"lazy\" \/><\/a><\/figure><div class=\"elementor-image-box-content\"><h3 class=\"elementor-image-box-title\"><a href=\"#\">Gabin et le soulier magique<\/a><\/h3><p class=\"elementor-image-box-description\">Un soir o\u00f9 les parents du petit Gabin sont sortis, un myst\u00e9rieux soulier rouge appara\u00eet dans la chambre de l\u2019enfant. Y aurait-il un lien avec la gentille baby-sitter, qui ressemble quand m\u00eame un peu \u00e0 une sorci\u00e8re ? ...<\/p><\/div><\/div>\t\t\t\t<\/div>\n\t\t\t\t<\/div>\n\t\t\t\t\t<\/div>\n\t\t<\/div>\n\t\t\t\t\t<\/div>\n\t\t<\/section>\n\t\t\t\t<section class=\"elementor-section elementor-inner-section elementor-element elementor-element-32acf67a elementor-section-boxed elementor-section-height-default elementor-section-height-default\" data-id=\"32acf67a\" data-element_type=\"section\" data-e-type=\"section\">\n\t\t\t\t\t\t<div class=\"elementor-container elementor-column-gap-default\">\n\t\t\t\t\t<div class=\"elementor-column elementor-col-25 elementor-inner-column elementor-element elementor-element-676d4712 elementor-invisible\" data-id=\"676d4712\" data-element_type=\"column\" data-e-type=\"column\" data-settings=\"{&quot;animation&quot;:&quot;fadeInUp&quot;}\">\n\t\t\t<div class=\"elementor-widget-wrap elementor-element-populated\">\n\t\t\t\t\t\t<div class=\"elementor-element elementor-element-30fc0ae elementor-position-top elementor-invisible elementor-widget elementor-widget-image-box\" data-id=\"30fc0ae\" data-element_type=\"widget\" data-e-type=\"widget\" data-settings=\"{&quot;_animation&quot;:&quot;rotateInUpRight&quot;}\" data-widget_type=\"image-box.default\">\n\t\t\t\t<div class=\"elementor-widget-container\">\n\t\t\t\t\t<div class=\"elementor-image-box-wrapper\"><figure class=\"elementor-image-box-img\"><a href=\"#\" tabindex=\"-1\"><img decoding=\"async\" src=\"https:\/\/www.evelynedegracia.com\/edg\/wp-content\/uploads\/elementor\/thumbs\/Petites-histoires-pour-Julien-ontlghc8yn8uisx1wljmeim57wdes65kkcnlrza5ls.jpg\" title=\"Petites-histoires-pour-Julien\" alt=\"Petites-histoires-pour-Julien\" class=\"elementor-animation-grow\" loading=\"lazy\" \/><\/a><\/figure><div class=\"elementor-image-box-content\"><h3 class=\"elementor-image-box-title\"><a href=\"#\">Petites histoires pour julien<\/a><\/h3><p class=\"elementor-image-box-description\">Petites histoires po\u00e9tiques, fantastiques et saugrenues qui s'encha\u00eenent \u00e0 bon rythme dans une petite foul\u00e9e de mots soulignant l'absurde, ou le r\u00eave, ou encore la po\u00e9sie de la vie.<\/p><\/div><\/div>\t\t\t\t<\/div>\n\t\t\t\t<\/div>\n\t\t\t\t\t<\/div>\n\t\t<\/div>\n\t\t\t\t<div class=\"elementor-column elementor-col-25 elementor-inner-column elementor-element elementor-element-72e40ecf animated-slow elementor-invisible\" data-id=\"72e40ecf\" data-element_type=\"column\" data-e-type=\"column\" data-settings=\"{&quot;animation&quot;:&quot;fadeInUp&quot;}\">\n\t\t\t<div class=\"elementor-widget-wrap elementor-element-populated\">\n\t\t\t\t\t\t<div class=\"elementor-element elementor-element-522ccc32 elementor-position-top elementor-invisible elementor-widget elementor-widget-image-box\" data-id=\"522ccc32\" data-element_type=\"widget\" data-e-type=\"widget\" data-settings=\"{&quot;_animation&quot;:&quot;rotateInUpRight&quot;}\" data-widget_type=\"image-box.default\">\n\t\t\t\t<div class=\"elementor-widget-container\">\n\t\t\t\t\t<div class=\"elementor-image-box-wrapper\"><figure class=\"elementor-image-box-img\"><a href=\"#\" tabindex=\"-1\"><img decoding=\"async\" src=\"https:\/\/www.evelynedegracia.com\/edg\/wp-content\/uploads\/elementor\/thumbs\/chats-chatons-onvc1o8lrvidpbsj86lw7tacmycy4sciux94q6qg78.jpg\" title=\"chats-chatons\" alt=\"chats-chatons\" class=\"elementor-animation-grow\" loading=\"lazy\" \/><\/a><\/figure><div class=\"elementor-image-box-content\"><h3 class=\"elementor-image-box-title\"><a href=\"#\">chats et chatons sur coussin de soie<\/a><\/h3><p class=\"elementor-image-box-description\">Un livre qui va vous transporter aux pays de l'inexplicable. Au pays des caresses de velours. Au pays du chat f\u00e9lin, fou et calin.<\/p><\/div><\/div>\t\t\t\t<\/div>\n\t\t\t\t<\/div>\n\t\t\t\t\t<\/div>\n\t\t<\/div>\n\t\t\t\t<div class=\"elementor-column elementor-col-25 elementor-inner-column elementor-element elementor-element-4d518baf animated-slow elementor-invisible\" data-id=\"4d518baf\" data-element_type=\"column\" data-e-type=\"column\" data-settings=\"{&quot;animation&quot;:&quot;fadeInUp&quot;}\">\n\t\t\t<div class=\"elementor-widget-wrap elementor-element-populated\">\n\t\t\t\t\t\t<div class=\"elementor-element elementor-element-3df0c388 elementor-position-top elementor-invisible elementor-widget elementor-widget-image-box\" data-id=\"3df0c388\" data-element_type=\"widget\" data-e-type=\"widget\" data-settings=\"{&quot;_animation&quot;:&quot;rotateInUpRight&quot;}\" data-widget_type=\"image-box.default\">\n\t\t\t\t<div class=\"elementor-widget-container\">\n\t\t\t\t\t<div class=\"elementor-image-box-wrapper\"><figure class=\"elementor-image-box-img\"><a href=\"#\" tabindex=\"-1\"><img decoding=\"async\" width=\"400\" height=\"560\" src=\"https:\/\/www.evelynedegracia.com\/edg\/wp-content\/uploads\/2020\/04\/clair-detoiles.jpg\" class=\"elementor-animation-grow attachment-full size-full wp-image-94\" alt=\"\" srcset=\"https:\/\/www.evelynedegracia.com\/edg\/wp-content\/uploads\/2020\/04\/clair-detoiles.jpg 400w, https:\/\/www.evelynedegracia.com\/edg\/wp-content\/uploads\/2020\/04\/clair-detoiles-214x300.jpg 214w\" sizes=\"(max-width: 400px) 100vw, 400px\" \/><\/a><\/figure><div class=\"elementor-image-box-content\"><h3 class=\"elementor-image-box-title\"><a href=\"#\">Clair d'\u00e9toiles<\/a><\/h3><p class=\"elementor-image-box-description\">Quand la musique des mots, la douceur du rythme nous entrouvrent un ciel d'\u00e9toiles. Quand l'espoir chemine entre r\u00eave et conscience vers un ciel serein... Quand le lent et d\u00e9licat travail de la po\u00e9sie se parfume des senteurs de jardins fleuris. Quand les mots nous m\u00e8nent en douceur vers la f\u00e9erie des clairs d'\u00e9toiles<\/p><\/div><\/div>\t\t\t\t<\/div>\n\t\t\t\t<\/div>\n\t\t\t\t\t<\/div>\n\t\t<\/div>\n\t\t\t\t<div class=\"elementor-column elementor-col-25 elementor-inner-column elementor-element elementor-element-350bf021 animated-slow elementor-invisible\" data-id=\"350bf021\" data-element_type=\"column\" data-e-type=\"column\" data-settings=\"{&quot;animation&quot;:&quot;fadeInUp&quot;}\">\n\t\t\t<div class=\"elementor-widget-wrap elementor-element-populated\">\n\t\t\t\t\t\t<div class=\"elementor-element elementor-element-1319adda elementor-position-top elementor-invisible elementor-widget elementor-widget-image-box\" data-id=\"1319adda\" data-element_type=\"widget\" data-e-type=\"widget\" data-settings=\"{&quot;_animation&quot;:&quot;rotateInUpRight&quot;}\" data-widget_type=\"image-box.default\">\n\t\t\t\t<div class=\"elementor-widget-container\">\n\t\t\t\t\t<div class=\"elementor-image-box-wrapper\"><figure class=\"elementor-image-box-img\"><a href=\"#\" tabindex=\"-1\"><img decoding=\"async\" src=\"https:\/\/www.evelynedegracia.com\/edg\/wp-content\/uploads\/elementor\/thumbs\/Les-saisons-d-Ariane-ontludedyi9e3cqoslp590fd8vwoj5art3px36opnk.jpg\" title=\"Les-saisons-d-Ariane\" alt=\"Les-saisons-d-Ariane\" class=\"elementor-animation-grow\" loading=\"lazy\" \/><\/a><\/figure><div class=\"elementor-image-box-content\"><h3 class=\"elementor-image-box-title\"><a href=\"#\">Saisons d'ariane<\/a><\/h3><p class=\"elementor-image-box-description\">\u00abIl faut apprendre, quand le ciel s'assombrit, que c'est passager, nuages sur un ciel breton... j'\u00e9carte de ma t\u00eate ces intrus pour aller vers d'autres id\u00e9es meilleures, vers des sourires qui me r\u00e9chauffent le coeur\u00bb.<\/p><\/div><\/div>\t\t\t\t<\/div>\n\t\t\t\t<\/div>\n\t\t\t\t\t<\/div>\n\t\t<\/div>\n\t\t\t\t\t<\/div>\n\t\t<\/section>\n\t\t\t\t\t<\/div>\n\t\t<\/div>\n\t\t\t\t\t<\/div>\n\t\t<\/section>\n\t\t\t\t<\/div>\n\t\t","protected":false},"excerpt":{"rendered":"<p>Les Publications Liens Librairies Le Poisson qui posait des devinettes Il \u00e9tait une fois la rencontre d&rsquo;un petit gar\u00e7on, apparu soudain lors d&rsquo;une journ\u00e9e d&rsquo;\u00e9t\u00e9, et d&rsquo;un \u00e9trange poisson qui cherchait des mots pour r\u00e9soudre une \u00e9nigme. Deux Oursons Deux oursons en peluche qui vivaient dans une armoire vont faire un jour, par hasard, une [&hellip;]<\/p>\n","protected":false},"author":1,"featured_media":0,"parent":0,"menu_order":0,"comment_status":"closed","ping_status":"closed","template":"","meta":{"footnotes":""},"class_list":["post-268","page","type-page","status-publish","hentry"],"_links":{"self":[{"href":"https:\/\/www.evelynedegracia.com\/edg\/wp-json\/wp\/v2\/pages\/268","targetHints":{"allow":["GET"]}}],"collection":[{"href":"https:\/\/www.evelynedegracia.com\/edg\/wp-json\/wp\/v2\/pages"}],"about":[{"href":"https:\/\/www.evelynedegracia.com\/edg\/wp-json\/wp\/v2\/types\/page"}],"author":[{"embeddable":true,"href":"https:\/\/www.evelynedegracia.com\/edg\/wp-json\/wp\/v2\/users\/1"}],"replies":[{"embeddable":true,"href":"https:\/\/www.evelynedegracia.com\/edg\/wp-json\/wp\/v2\/comments?post=268"}],"version-history":[{"count":9,"href":"https:\/\/www.evelynedegracia.com\/edg\/wp-json\/wp\/v2\/pages\/268\/revisions"}],"predecessor-version":[{"id":362,"href":"https:\/\/www.evelynedegracia.com\/edg\/wp-json\/wp\/v2\/pages\/268\/revisions\/362"}],"wp:attachment":[{"href":"https:\/\/www.evelynedegracia.com\/edg\/wp-json\/wp\/v2\/media?parent=268"}],"curies":[{"name":"wp","href":"https:\/\/api.w.org\/{rel}","templated":true}]}}